
Suppose 4*x = 5*n + 26, -4*x + 0*n + 20 = -2*n. Let i be (-2491)/(-106) + (4/(-2))/x. Suppose 17 = -6*b + i. What is the units digit of b?
1
Suppose -d = 9*d - 20. Suppose -d*m + 5*m - 15 = 0. Suppose -795 = -m*s - i, 0*i = -i + 5. What is the hundreds digit of s?
1
Let l = -17584 + 35937. What is the units digit of l?
3
Let c(y) = 167*y**3 + 3*y**2 - 38*y + 100. What is the units digit of c(3)?
2
Let y(n) = 43*n - 4. Let x be y(-2). Let m = 4 - x. What is the units digit of m?
4
Let s(n) = 873*n**2 + 34*n - 154. What is the tens digit of s(7)?
6
What is the thousands digit of 1/(1/4668) - (-29)/(-29)?
4
Let t be 3 - (1/5 - 88/40). Suppose 12*a = t*a + 21. What is the units digit of (4/(-12))/(a/(-207))?
3
Suppose 36 = x + 3*v + 6, 2*v = 0. Suppose 15*n = 20*n - x. Suppose -147 = -n*l + 303. What is the units digit of l?
5
Let u = 147202 + -101776. What is the tens digit of u?
2
Let p be (3 - (-8253)/(-12))/(2/(-8)). Suppose 309 + p = 6*u. What is the hundreds digit of u?
5
Let z be ((-18)/4 + 6)*44/3. Let o be 4/(-22) - (-400)/z. Let h = 39 - o. What is the units digit of h?
1
Let i be 2/10 - (864/15)/8. Let l(y) = 4*y + 178. What is the tens digit of l(i)?
5
Let x(i) = -25*i**3 - 8*i**2 + 29*i + 217. What is the units digit of x(-6)?
5
What is the thousands digit of (-330)/((-23)/(-23736)*-9)?
7
Suppose 288 + 176 = 16*d. Let s = d - 28. What is the units digit of s?
1
Suppose -3*a + 114 = -a - 2*y, -3*a = y - 183. Suppose -a*p = -73257 - 34383. What is the tens digit of p?
9
What is the hundreds digit of (-1938354)/(-33) - (-9 - 6/(-2))?
7
Let o = -28 + 30. Suppose -5*w + 3*l = -o*w - 498, -w + 172 = -4*l. Suppose -2*t + w = -54. What is the units digit of t?
9
Suppose -5*p = -3342 + 357. Let c = 287 + p. What is the hundreds digit of c?
8
Suppose -18*u - 13320 = -22*u. Let c = -2375 + u. What is the tens digit of c?
5
Suppose 58*g - 413296 = 2*g + 4*g. What is the tens digit of g?
4
Let b(a) = -9*a + 188. Let t(c) = -6*c + 187. Let i(h) = 7*b(h) - 6*t(h). What is the tens digit of i(-10)?
6
Let s be 488/(-7) + (-4)/14. What is the hundreds digit of 20/s*(-35679)/6?
6
Let h(l) = -l**2 + 31*l + 65. Let c be h(33). What is the tens digit of 250/50*(c + 3)*1?
1
Suppose -2*j - 1516 = -5*b, 5*b - 3*j = -5*j + 1504. Suppose -13*v = -11*v - 8. Suppose v*k - b = -d, -6*k = 4*d - k - 1164. What is the units digit of d?
6
Let y = -44 - -63. Suppose 0 = -6*v + y + 29. Suppose v + 2 = 2*s. What is the units digit of s?
5
Suppose -58*l + 65*l - 203 = 0. Suppose l*a - 27129 = 10948. What is the hundreds digit of a?
3
Suppose -36752 + 450154 = 38*v. What is the ten thousands digit of v?
1
What is the units digit of (-1*7 - -2)*(-4668 + -1)/23?
5
Let p(n) = -n + 1. Let m(s) = -7*s - 27. Let l(x) = m(x) + 4*p(x). Suppose -3*w + 1 = -k - 4, -2*w - 2 = 0. What is the tens digit of l(k)?
6
Let a = -116 + 117. What is the tens digit of 34440/735 + (0 - a/(-7))?
4
Let l be (2/6)/(7/63*3). Let g(u) = 1052*u**2 + 8*u - 6. What is the units digit of g(l)?
4
Let s be (9/6)/1*2. Suppose 3*x = -s*x + 12. Suppose -x*t - u - 5 + 42 = 0, -15 = -t + 3*u. What is the tens digit of t?
1
Let o = -10851 + 46746. What is the thousands digit of o?
5
Suppose 5*t - 48176 = 4*m, -2*t + 3*m + 19286 = 4*m. What is the thousands digit of t?
9
Suppose -551514 + 183969 = -15*v. What is the units digit of v?
3
Let d be (-3)/((-221)/(-14) + -16). Suppose 0 = -4*k - 0*k + 12. Suppose -k*z = -d - 31. What is the units digit of z?
5
Let o be 20*(96/(-240) + (-201)/10). Let z be 1/4 - (-2467)/4. Let y = o + z. What is the hundreds digit of y?
2
Let n = -40 - -8. Let t be -6*(n/12)/(-1). Let r = t + 59. What is the units digit of r?
3
What is the tens digit of (4482/72)/(5/4220)?
3
Suppose 5*c = -j - 4793, -4*c - 10689 - 13297 = 5*j. What is the tens digit of 35/(-21) - j/6?
9
What is the tens digit of (-20)/(-15)*61398/9 + 3 + -8?
9
Let l = 33267 - 12889. What is the units digit of l?
8
Let r be ((-16)/12)/((-2)/114). Let l = 116 + -111. Suppose -456 + r = -l*a. What is the tens digit of a?
7
Let x = -13706 + 19839. What is the hundreds digit of x?
1
Suppose 8780 = f - 174*o + 179*o, 4*o = 16. What is the thousands digit of f?
8
Let q(a) = 97*a + 2171. What is the tens digit of q(91)?
9
Suppose 11*v + f + 8 = 14*v, -19 = -5*v - 4*f. Suppose -3*y = z - 2513, 1044 = v*y + 5*z - 1465. What is the units digit of y?
8
Let r be 5/15*-3*(-32 - -1). Let i(h) = -h**2 + 26*h + 166. What is the tens digit of i(r)?
1
Let a(b) = 25 - 4*b**2 + 10*b + 2*b + 5*b**2. Let v = 16 - 27. What is the units digit of a(v)?
4
Suppose 0 = 9*f + 1443 - 7293. Let s = f + -377. What is the tens digit of s?
7
Let v(t) = 4*t**2 - 29*t + 25. Let q be v(20). Suppose -2*m + 5*r + 635 = m, -5*r - q = -5*m. What is the tens digit of m?
0
Let v be (-3 + 1)*(6 - 7). What is the units digit of ((-75)/(-30))/(0 + v/12)?
5
Suppose w = -2*u + 5648, -5*u - 2322 = w - 16436. What is the thousands digit of u?
2
Let p be 990/(-88) + (-2)/(-8). Let z(u) = -u**3 - 8*u**2 - 20*u - 27. What is the tens digit of z(p)?
5
Let g = -263 - -179. Let q = g - -136. Suppose 9*m - q = 8*m. What is the tens digit of m?
5
Let f(j) = -2*j**2 - 20*j + 4. Suppose 8*m = 12*m + 40. Let y be f(m). Suppose -y*l + 5*u = -3*l, 3*l = -2*u + 51. What is the units digit of l?
5
Suppose 23*k = 12549 + 400084 + 113837. What is the hundreds digit of k?
8
Suppose -3*z = 12, 8*m - 8*z + 10*z = 18232. What is the units digit of m?
0
Let c(f) = -f**2 + 9*f + 4. Let g be c(10). Let x(y) = y**3 + 10*y**2 + 2*y + 5. Let k be x(g). Let d = k - 49. What is the units digit of d?
8
Let g(j) = j**3 + 5*j**2 + 7*j + 46. Let z be g(-14). What is the hundreds digit of 8 + 270/(-35) + z/(-14)?
1
Let u(b) = -b**3 - 11*b**2 + 7*b - 6. Let x be 32/(-112) + (-4)/7*3. Let y be x/(-3) - 456/36. What is the units digit of u(y)?
4
Suppose -10*n = 2*n - 19788. Let o = -574 - n. What is the units digit of (-48)/(-60) + o/(-15) + -1?
8
Let j(s) = 25*s**3 - 13*s**2 - 4*s - 149. What is the hundreds digit of j(11)?
5
Let b(c) = -135*c - 24. What is the hundreds digit of b(-3)?
3
Suppose 0 = 2*a + 3*u + 182, 4*a = 7*u - 6*u - 392. Let x = -109 - a. What is the units digit of 2*3/(-18)*x*8?
2
Let n(j) = -26861*j + 2007. What is the tens digit of n(-1)?
6
Suppose 2*z = 4*z + 10. Let k be 36/20 + (-1)/z. What is the units digit of 116 - (-4 - (-8)/k)?
6
Suppose -5*h - 104130 = -5*x, -41312 = -2*x - 2*h + 356. What is the tens digit of x?
3
Suppose -9*z + 22 = -5. Suppose -g + 552 = -z*d - 155, -g + 2*d = -707. What is the tens digit of g?
0
Suppose 18 = -23*u + 18. Suppose q + 9 = 11, u = 4*d - 4*q - 888. What is the units digit of d?
4
Let k = -111 + 38. Let b = 150 + k. What is the tens digit of b?
7
Suppose -v + 13 = -2*v - 3*h, 2*v + 5*h + 21 = 0. Suppose -11*a + 15*a = 4*y + 1068, -546 = -v*a - 4*y. What is the tens digit of a?
6
What is the tens digit of (1 + -4 - -5)/2*15593?
9
Let l be 0/1*(1 - 4/3). Suppose l = d - 128 + 125. Suppose -3*h - 493 = -d*k + h, 5*k = -4*h + 779. What is the units digit of k?
9
Suppose 2*q - 27421 = 84241. What is the units digit of q?
1
Let z = 157 - 422. Let g = z - -401. What is the tens digit of g?
3
Suppose 22 = -4*c + 38. Suppose c*x + 7*x = 55. Suppose -2*v + 6*v - 890 = x*h, -227 = -v - h. What is the units digit of v?
5
Suppose 0 = -3562*m + 3572*m - 762190. What is the tens digit of m?
1
Suppose -37*m + 1921517 = -371188. What is the tens digit of m?
6
Let l = 15700 - 6441. What is the units digit of l?
9
Let d be -1 + 660 + 1 + 160/32. Suppose 2*o - 451 = 5*f, -d = 5*o - 8*o - 4*f. What is the hundreds digit of o?
2
What is the thousands digit of 14680 + 8 + (-8)/(-8)?
4
Let j be 4*3/(-2) + 10. Suppose j*t - 1292 = -4*z, -4*t = -5*z - 5*t + 1607. What is the units digit of z?
1
Suppose 15*i - 11*i = 112. Let d be (-4 + 17)/(4/i). Suppose -2*p = d - 287. What is the units digit of p?
8
Suppose 6*a = 2*a - 3*f + 26, -2*a - 5*f + 20 = 0. Suppose a*o = 522 + 93. What is the hundreds digit of o?
1
Suppose -26*z = -130342 + 2058. What is the tens digit of z?
3
Let h be (512 - (-4)/2) + 8 + -8. Let m = 85 + h. What is the hundreds digit of m?
5
Suppose -15 - 65 = -10*x. Suppose -4*r + 1220 = 4*q, 5*q + x*r - 5*r = 1529. What is the hundreds digit of q?
3